{"id":60,"date":"2017-08-31T17:52:51","date_gmt":"2017-08-31T17:52:51","guid":{"rendered":"http:\/\/www.rundendreher.de\/?page_id=60"},"modified":"2025-05-21T20:17:59","modified_gmt":"2025-05-21T20:17:59","slug":"kinderleichtathletik","status":"publish","type":"page","link":"https:\/\/www.rundendreher.de\/rundendreher-sta\/abteilungen\/kinderleichtathletik\/","title":{"rendered":"Leichtathletik"},"content":{"rendered":"\n<h1 class=\"wp-block-heading has-text-align-left\">Leichtathletik<\/h1>\n\n\n\n<p><strong>Kinder und Jugendliche bis 16 Jahre:<\/strong><br>Wir bieten Trainings f\u00fcr Kinder ab 4 Jahre an.<br>Das Training besteht aus Laufeinheiten (Sprint und Ausdauer), Sprung-, Wurf- und Koordinations\u00fcbungen. <br><br>1 bis 3 \u00dcbungsleiter sind regelm\u00e4\u00dfig mittwochs und donnerstags auf dem Platz. Die Kinder werden in altersgemischten Gruppen trainiert.<\/p>\n\n\n\n<p>Die Teilnahme an Wettk\u00e4mpfen wird angeboten und ist freiwillig.<\/p>\n\n\n\n<p><img loading=\"lazy\" width=\"163\" height=\"108\" class=\"wp-image-135 alignnone\" src=\"https:\/\/www.rundendreher.de\/wp-content\/uploads\/2017\/08\/DSC_7527-300x199.jpg\" alt=\"\" srcset=\"https:\/\/www.rundendreher.de\/rundendreher-sta\/wp-content\/uploads\/2017\/08\/DSC_7527-300x199.jpg 300w, https:\/\/www.rundendreher.de\/rundendreher-sta\/wp-content\/uploads\/2017\/08\/DSC_7527-768x510.jpg 768w, https:\/\/www.rundendreher.de\/rundendreher-sta\/wp-content\/uploads\/2017\/08\/DSC_7527-1024x680.jpg 1024w, https:\/\/www.rundendreher.de\/rundendreher-sta\/wp-content\/uploads\/2017\/08\/DSC_7527.jpg 1505w\" sizes=\"(max-width: 163px) 100vw, 163px\" \/>&nbsp;&nbsp;&nbsp; <img loading=\"lazy\" width=\"147\" height=\"110\" class=\"wp-image-136 alignnone\" src=\"https:\/\/www.rundendreher.de\/wp-content\/uploads\/2017\/08\/IMG_3858-300x225.jpg\" alt=\"\" srcset=\"https:\/\/www.rundendreher.de\/rundendreher-sta\/wp-content\/uploads\/2017\/08\/IMG_3858-300x225.jpg 300w, https:\/\/www.rundendreher.de\/rundendreher-sta\/wp-content\/uploads\/2017\/08\/IMG_3858.jpg 640w\" sizes=\"(max-width: 147px) 100vw, 147px\" \/><br><strong>Trainingszeiten:<br><\/strong><\/p>\n\n\n\n<p><strong>Mittwochs 16:00 &#8211; 17:00<\/strong><br>Kinderleichtathletik<br>Sportplatz Schildow<\/p>\n\n\n\n<p>F\u00fcr das Training am Mittwoch suchen wir Unterst\u00fctzung. <\/p>\n\n\n\n<p><strong>Donnerstags 17:00 &#8211; 18:00<\/strong><br>Kinderleichtathletik<br>M\u00fchlenbeck<br>Sportplatz hinter der K\u00e4the-Kollwitz-Gesamtschule<br>Eingang Birkenwerder Str.<\/p>\n\n\n\n<p><\/p>\n","protected":false},"excerpt":{"rendered":"<p>Leichtathletik Kinder und Jugendliche bis 16 Jahre:Wir bieten Trainings f\u00fcr Kinder ab 4 Jahre an.Das Training besteht aus Laufeinheiten (Sprint und Ausdauer), Sprung-, Wurf- und Koordinations\u00fcbungen. 1 bis 3 \u00dcbungsleiter sind regelm\u00e4\u00dfig mittwochs und donnerstags auf dem Platz. Die Kinder werden in altersgemischten Gruppen trainiert. Die Teilnahme an Wettk\u00e4mpfen wird angeboten und ist freiwillig. &nbsp;&nbsp;&nbsp; <a class=\"more-link\" href=\"https:\/\/www.rundendreher.de\/rundendreher-sta\/abteilungen\/kinderleichtathletik\/\">weiterlesen&#8230;<\/a><\/p>\n","protected":false},"author":1,"featured_media":483,"parent":15,"menu_order":0,"comment_status":"closed","ping_status":"closed","template":"","meta":[],"_links":{"self":[{"href":"https:\/\/www.rundendreher.de\/rundendreher-sta\/wp-json\/wp\/v2\/pages\/60"}],"collection":[{"href":"https:\/\/www.rundendreher.de\/rundendreher-sta\/wp-json\/wp\/v2\/pages"}],"about":[{"href":"https:\/\/www.rundendreher.de\/rundendreher-sta\/wp-json\/wp\/v2\/types\/page"}],"author":[{"embeddable":true,"href":"https:\/\/www.rundendreher.de\/rundendreher-sta\/wp-json\/wp\/v2\/users\/1"}],"replies":[{"embeddable":true,"href":"https:\/\/www.rundendreher.de\/rundendreher-sta\/wp-json\/wp\/v2\/comments?post=60"}],"version-history":[{"count":19,"href":"https:\/\/www.rundendreher.de\/rundendreher-sta\/wp-json\/wp\/v2\/pages\/60\/revisions"}],"predecessor-version":[{"id":655,"href":"https:\/\/www.rundendreher.de\/rundendreher-sta\/wp-json\/wp\/v2\/pages\/60\/revisions\/655"}],"up":[{"embeddable":true,"href":"https:\/\/www.rundendreher.de\/rundendreher-sta\/wp-json\/wp\/v2\/pages\/15"}],"wp:featuredmedia":[{"embeddable":true,"href":"https:\/\/www.rundendreher.de\/rundendreher-sta\/wp-json\/wp\/v2\/media\/483"}],"wp:attachment":[{"href":"https:\/\/www.rundendreher.de\/rundendreher-sta\/wp-json\/wp\/v2\/media?parent=60"}],"curies":[{"name":"wp","href":"https:\/\/api.w.org\/{rel}","templated":true}]}}